{"id":2093,"date":"2022-11-23T17:17:35","date_gmt":"2022-11-23T16:17:35","guid":{"rendered":"https:\/\/www.moutard.de\/wordpress\/?page_id=2093"},"modified":"2023-11-14T22:28:46","modified_gmt":"2023-11-14T21:28:46","slug":"partien","status":"publish","type":"page","link":"https:\/\/www.moutard.de\/wordpress\/schach\/training\/partien\/","title":{"rendered":"partien"},"content":{"rendered":"<p><!-- partien.html --><\/p>\n<p style=\"text-align:right;\"><a class=\"nav2\" href=\"https:\/\/www.moutard.de\/wordpress\/schach\/training\/\">Startseite<\/a><\/p>\n<p class=\"titel1\">Partiensammlungen<\/p>\n<div class=\"gliederung2\">\n<div>\n<p class=\"titel3\">Einf\u00fchrung<\/p>\n<p class=\"p2\">Die Kenntnis von guten Partien, gespielt von fr\u00fcheren und aktuellen Weltmeistern und Gro\u00dfmeistern, bringt sehr viel f\u00fcr das eigene Spiel. Denn man lernt einfach beim Nachvollziehen, wo die Figuren hingeh\u00f6ren, wie ein solides Zentrum aussieht oder wie man mit dem K\u00f6nig im Endspiel herumspaziert.<br \/>\nNat\u00fcrlich ist es sinnvoll, kommentierte Partiensammlungen anzuschauen, aber auch die reinen Z\u00fcge, wie sie hier zu finden sind, machen Spa\u00df.<\/p>\n<p><a class=\"nav2\" href=\"https:\/\/lichess.org\/study\/2DXrjYcG\" target=\"_blank\" rel=\"noreferrer noopener\">Partien f\u00fcrs Training<\/a><br \/>\n<a class=\"nav2\" href=\"https:\/\/lichess.org\/study\/U5t44soy\/H86lPCIZ\" target=\"_blank\" rel=\"noreferrer noopener\">Kuddelmuddel<\/a><\/p>\n<\/div>\n<div>\n<p class=\"titel3\">Klassische Partien<\/p>\n<p><a class=\"nav2\" href=\"https:\/\/www.chess.com\/c\/KWuSgD8A?itemsPerPage=50\" target=\"_blank\" title=\"Sam Copelands ausgezeichnet kommentierte Sammlung mit den besten Partien aller Zeiten (zehn pro Dekade) auf chess.com (auf Englisch)\" rel=\"noreferrer noopener\">The Best Chess Games Of All Time<\/a><br \/>\n<a class=\"nav2\" href=\"https:\/\/lichess.org\/study\/z1XEvi7F\" target=\"_blank\" title=\"Martin Beheim-Schwarzbach: Knaurs Schachbuch. Ein Jahrhundert in Meisterpartien. M\u00fcnchen\/Z\u00fcrich 1953 (143 Partien von 1859-1947)\" rel=\"noreferrer noopener\">Knaurs Schachbuch Teil 1<\/a> <a class=\"nav2\" href=\"https:\/\/lichess.org\/study\/9UewxIa8\" target=\"_blank\" rel=\"noreferrer noopener\">Teil 2<\/a> <a class=\"nav2\" href=\"https:\/\/lichess.org\/study\/ikEwvQ8r\" target=\"_blank\" rel=\"noreferrer noopener\">Teil 3<\/a> <a class=\"nav2\" href=\"https:\/\/www.moutard.de\/wordpress\/wp-content\/uploads\/2023\/11\/beheim-schwarzbach_knaurs-schachbuch.pdf\" target=\"_blank\" rel=\"noreferrer noopener\">PDF<\/a><br \/>\n<a class=\"nav2\" href=\"https:\/\/lichess.org\/study\/TqslD0vl\" target=\"_blank\" title=\"Irving Chernev: The Most Instructive Games of Chess Ever Played. 62 Masterpieces of Modern Chess Strategy. London\/Boston, 1966 (62 Partien von 1873-1961)\" rel=\"noreferrer noopener\">Lehrreiche Partien<\/a><br \/>\n<a class=\"nav2\" href=\"https:\/\/lichess.org\/study\/Iyi1teqF\/6CVq5iXq\" target=\"_blank\" title=\"Rudolf Teschner, Meisterspiele. Unvergessliche Schachpartien. M\u00fcnchen 1969. (55 Partien von 1851 bis 1967)\" rel=\"noreferrer noopener\">Meisterspiele<\/a><br \/>\n<a class=\"nav2\" href=\"https:\/\/lichess.org\/study\/haCc7UNt\" target=\"_blank\" title=\"64 herausragende Partien aus dem Schach Informator (1966-1995)\" rel=\"noreferrer noopener\">64 Golden Games<\/a><\/p>\n<\/div>\n<p><!-- es folgt \"angepasstes CSS\" = css-jede-seite-individuell.css --><\/p>\n<\/div>\n","protected":false},"excerpt":{"rendered":"<p>Startseite Partiensammlungen Einf\u00fchrung Die Kenntnis von guten Partien, gespielt von fr\u00fcheren und aktuellen Weltmeistern und Gro\u00dfmeistern, bringt sehr viel f\u00fcr das eigene Spiel. Denn man [&#8230;]<\/p>\n","protected":false},"author":1,"featured_media":0,"parent":1952,"menu_order":0,"comment_status":"closed","ping_status":"closed","template":"blank-slate-template.php","meta":{"footnotes":""},"class_list":["post-2093","page","type-page","status-publish","hentry"],"_links":{"self":[{"href":"https:\/\/www.moutard.de\/wordpress\/wp-json\/wp\/v2\/pages\/2093","targetHints":{"allow":["GET"]}}],"collection":[{"href":"https:\/\/www.moutard.de\/wordpress\/wp-json\/wp\/v2\/pages"}],"about":[{"href":"https:\/\/www.moutard.de\/wordpress\/wp-json\/wp\/v2\/types\/page"}],"author":[{"embeddable":true,"href":"https:\/\/www.moutard.de\/wordpress\/wp-json\/wp\/v2\/users\/1"}],"replies":[{"embeddable":true,"href":"https:\/\/www.moutard.de\/wordpress\/wp-json\/wp\/v2\/comments?post=2093"}],"version-history":[{"count":39,"href":"https:\/\/www.moutard.de\/wordpress\/wp-json\/wp\/v2\/pages\/2093\/revisions"}],"predecessor-version":[{"id":2325,"href":"https:\/\/www.moutard.de\/wordpress\/wp-json\/wp\/v2\/pages\/2093\/revisions\/2325"}],"up":[{"embeddable":true,"href":"https:\/\/www.moutard.de\/wordpress\/wp-json\/wp\/v2\/pages\/1952"}],"wp:attachment":[{"href":"https:\/\/www.moutard.de\/wordpress\/wp-json\/wp\/v2\/media?parent=2093"}],"curies":[{"name":"wp","href":"https:\/\/api.w.org\/{rel}","templated":true}]}}